{"id":388,"date":"2026-01-16T20:06:32","date_gmt":"2026-01-17T01:06:32","guid":{"rendered":"https:\/\/domenicaz.site\/?page_id=388"},"modified":"2026-01-21T20:15:07","modified_gmt":"2026-01-22T01:15:07","slug":"1bb","status":"publish","type":"page","link":"https:\/\/domenicaz.site\/index.php\/eje-1\/1b\/1bb\/","title":{"rendered":"Las historias que no siempre vemos"},"content":{"rendered":"\n<h2 class=\"wp-block-heading\">ENTREVISTA<\/h2>\n\n\n\n<blockquote class=\"wp-block-quote is-layout-flow wp-block-quote-is-layout-flow\">\n<p>La moda que usamos todos los d\u00edas tiene un costo que casi nunca vemos. \u00bfY si te dij\u00e9ramos que vestir tambi\u00e9n puede ser un acto de conciencia? Hoy en Ideas al Aire hablamos de moda sostenible, inclusi\u00f3n y del futuro que estamos construyendo con cada prenda que elegimos.<\/p>\n<\/blockquote>\n\n\n\n<p><strong>EPISODIO 1: En <em>Ideas al Aire Podcast<\/em> conversamos con Gabriela Ibarra, dise\u00f1adora de moda e impulsora de la marca Manzanilla, sobre moda sostenible, inclusi\u00f3n y las acciones concretas que pueden cambiar la forma en que vestimos y consumimos.<\/strong><\/p>\n\n\n\n<p><br>\ud83c\udfa7 <em>Escucha la entrevista completa y descubre por qu\u00e9 la moda consciente ya no es una opci\u00f3n, sino una necesidad.<\/em><\/p>\n\n\n<div class=\"wp-block-image\">\n<figure class=\"aligncenter size-large is-resized\"><img loading=\"lazy\" decoding=\"async\" width=\"995\" height=\"1024\" src=\"https:\/\/domenicaz.site\/wp-content\/uploads\/2026\/01\/WhatsApp-Image-2026-01-16-at-8.34.32-PM-995x1024.jpeg\" alt=\"\" class=\"wp-image-394\" style=\"aspect-ratio:0.9716950439214835;width:452px;height:auto\" srcset=\"https:\/\/domenicaz.site\/wp-content\/uploads\/2026\/01\/WhatsApp-Image-2026-01-16-at-8.34.32-PM-995x1024.jpeg 995w, https:\/\/domenicaz.site\/wp-content\/uploads\/2026\/01\/WhatsApp-Image-2026-01-16-at-8.34.32-PM-292x300.jpeg 292w, https:\/\/domenicaz.site\/wp-content\/uploads\/2026\/01\/WhatsApp-Image-2026-01-16-at-8.34.32-PM-768x790.jpeg 768w, https:\/\/domenicaz.site\/wp-content\/uploads\/2026\/01\/WhatsApp-Image-2026-01-16-at-8.34.32-PM-1024x1054.jpeg 1024w, https:\/\/domenicaz.site\/wp-content\/uploads\/2026\/01\/WhatsApp-Image-2026-01-16-at-8.34.32-PM.jpeg 1132w\" sizes=\"auto, (max-width: 995px) 100vw, 995px\" \/><figcaption class=\"wp-element-caption\"><strong><em>Instagram Manza_nilla.ec<\/em><\/strong><\/figcaption><\/figure>\n<\/div>\n\n\n<p>\ud83c\udfa7 <\/p>\n\n\n\n<figure class=\"wp-block-audio\"><audio controls src=\"https:\/\/domenicaz.site\/wp-content\/uploads\/2026\/01\/WhatsApp-Audio-2026-01-16-at-9.04.39-PM-1.mp3\"><\/audio><\/figure>\n\n\n\n<div class=\"wp-block-buttons is-layout-flex wp-block-buttons-is-layout-flex\">\n<div class=\"wp-block-button\"><a class=\"wp-block-button__link wp-element-button\" href=\"https:\/\/domenicaz.site\/index.php\/eje-1\/\">Regresar<\/a><\/div>\n<\/div>\n","protected":false},"excerpt":{"rendered":"<p>ENTREVISTA La moda que usamos todos los d\u00edas tiene un costo que casi nunca vemos. \u00bfY si te dij\u00e9ramos que vestir tambi\u00e9n puede ser un acto de conciencia? Hoy en Ideas al Aire hablamos de moda sostenible, inclusi\u00f3n y del futuro que estamos construyendo con cada prenda que elegimos. EPISODIO 1: En Ideas al Aire [&hellip;]<\/p>\n","protected":false},"author":1,"featured_media":0,"parent":326,"menu_order":2,"comment_status":"closed","ping_status":"closed","template":"","meta":{"footnotes":""},"class_list":["post-388","page","type-page","status-publish","hentry"],"yoast_head":"<!-- This site is optimized with the Yoast SEO plugin v26.4 - https:\/\/yoast.com\/wordpress\/plugins\/seo\/ -->\n<title>Las historias que no siempre vemos - Dom\u00e9nica Zambrano<\/title>\n<meta name=\"robots\" content=\"index, follow, max-snippet:-1, max-image-preview:large, max-video-preview:-1\" \/>\n<link rel=\"canonical\" href=\"https:\/\/domenicaz.site\/index.php\/eje-1\/1b\/1bb\/\" \/>\n<meta property=\"og:locale\" content=\"es_ES\" \/>\n<meta property=\"og:type\" content=\"article\" \/>\n<meta property=\"og:title\" content=\"Las historias que no siempre vemos - Dom\u00e9nica Zambrano\" \/>\n<meta property=\"og:description\" content=\"ENTREVISTA La moda que usamos todos los d\u00edas tiene un costo que casi nunca vemos. \u00bfY si te dij\u00e9ramos que vestir tambi\u00e9n puede ser un acto de conciencia? Hoy en Ideas al Aire hablamos de moda sostenible, inclusi\u00f3n y del futuro que estamos construyendo con cada prenda que elegimos. EPISODIO 1: En Ideas al Aire [&hellip;]\" \/>\n<meta property=\"og:url\" content=\"https:\/\/domenicaz.site\/index.php\/eje-1\/1b\/1bb\/\" \/>\n<meta property=\"og:site_name\" content=\"Dom\u00e9nica Zambrano\" \/>\n<meta property=\"article:modified_time\" content=\"2026-01-22T01:15:07+00:00\" \/>\n<meta property=\"og:image\" content=\"https:\/\/domenicaz.site\/wp-content\/uploads\/2026\/01\/WhatsApp-Image-2026-01-16-at-8.34.32-PM.jpeg\" \/>\n\t<meta property=\"og:image:width\" content=\"1132\" \/>\n\t<meta property=\"og:image:height\" content=\"1165\" \/>\n\t<meta property=\"og:image:type\" content=\"image\/jpeg\" \/>\n<meta name=\"twitter:card\" content=\"summary_large_image\" \/>\n<meta name=\"twitter:label1\" content=\"Tiempo de lectura\" \/>\n\t<meta name=\"twitter:data1\" content=\"1 minuto\" \/>\n<script type=\"application\/ld+json\" class=\"yoast-schema-graph\">{\"@context\":\"https:\/\/schema.org\",\"@graph\":[{\"@type\":\"WebPage\",\"@id\":\"https:\/\/domenicaz.site\/index.php\/eje-1\/1b\/1bb\/\",\"url\":\"https:\/\/domenicaz.site\/index.php\/eje-1\/1b\/1bb\/\",\"name\":\"Las historias que no siempre vemos - Dom\u00e9nica Zambrano\",\"isPartOf\":{\"@id\":\"https:\/\/domenicaz.site\/#website\"},\"primaryImageOfPage\":{\"@id\":\"https:\/\/domenicaz.site\/index.php\/eje-1\/1b\/1bb\/#primaryimage\"},\"image\":{\"@id\":\"https:\/\/domenicaz.site\/index.php\/eje-1\/1b\/1bb\/#primaryimage\"},\"thumbnailUrl\":\"https:\/\/domenicaz.site\/wp-content\/uploads\/2026\/01\/WhatsApp-Image-2026-01-16-at-8.34.32-PM-995x1024.jpeg\",\"datePublished\":\"2026-01-17T01:06:32+00:00\",\"dateModified\":\"2026-01-22T01:15:07+00:00\",\"breadcrumb\":{\"@id\":\"https:\/\/domenicaz.site\/index.php\/eje-1\/1b\/1bb\/#breadcrumb\"},\"inLanguage\":\"es\",\"potentialAction\":[{\"@type\":\"ReadAction\",\"target\":[\"https:\/\/domenicaz.site\/index.php\/eje-1\/1b\/1bb\/\"]}]},{\"@type\":\"ImageObject\",\"inLanguage\":\"es\",\"@id\":\"https:\/\/domenicaz.site\/index.php\/eje-1\/1b\/1bb\/#primaryimage\",\"url\":\"https:\/\/domenicaz.site\/wp-content\/uploads\/2026\/01\/WhatsApp-Image-2026-01-16-at-8.34.32-PM.jpeg\",\"contentUrl\":\"https:\/\/domenicaz.site\/wp-content\/uploads\/2026\/01\/WhatsApp-Image-2026-01-16-at-8.34.32-PM.jpeg\",\"width\":1132,\"height\":1165},{\"@type\":\"BreadcrumbList\",\"@id\":\"https:\/\/domenicaz.site\/index.php\/eje-1\/1b\/1bb\/#breadcrumb\",\"itemListElement\":[{\"@type\":\"ListItem\",\"position\":1,\"name\":\"Portada\",\"item\":\"https:\/\/domenicaz.site\/\"},{\"@type\":\"ListItem\",\"position\":2,\"name\":\"\u00bfQU\u00c9 ES LA MODA SOSTENIBLE?\",\"item\":\"https:\/\/domenicaz.site\/index.php\/eje-1\/\"},{\"@type\":\"ListItem\",\"position\":3,\"name\":\"DISE\u00d1AR CON INTENCI\u00d3N\",\"item\":\"https:\/\/domenicaz.site\/index.php\/eje-1\/1b\/\"},{\"@type\":\"ListItem\",\"position\":4,\"name\":\"Las historias que no siempre vemos\"}]},{\"@type\":\"WebSite\",\"@id\":\"https:\/\/domenicaz.site\/#website\",\"url\":\"https:\/\/domenicaz.site\/\",\"name\":\"Dom\u00e9nica Zambrano\",\"description\":\"\",\"potentialAction\":[{\"@type\":\"SearchAction\",\"target\":{\"@type\":\"EntryPoint\",\"urlTemplate\":\"https:\/\/domenicaz.site\/?s={search_term_string}\"},\"query-input\":{\"@type\":\"PropertyValueSpecification\",\"valueRequired\":true,\"valueName\":\"search_term_string\"}}],\"inLanguage\":\"es\"}]}<\/script>\n<!-- \/ Yoast SEO plugin. -->","yoast_head_json":{"title":"Las historias que no siempre vemos - Dom\u00e9nica Zambrano","robots":{"index":"index","follow":"follow","max-snippet":"max-snippet:-1","max-image-preview":"max-image-preview:large","max-video-preview":"max-video-preview:-1"},"canonical":"https:\/\/domenicaz.site\/index.php\/eje-1\/1b\/1bb\/","og_locale":"es_ES","og_type":"article","og_title":"Las historias que no siempre vemos - Dom\u00e9nica Zambrano","og_description":"ENTREVISTA La moda que usamos todos los d\u00edas tiene un costo que casi nunca vemos. \u00bfY si te dij\u00e9ramos que vestir tambi\u00e9n puede ser un acto de conciencia? Hoy en Ideas al Aire hablamos de moda sostenible, inclusi\u00f3n y del futuro que estamos construyendo con cada prenda que elegimos. EPISODIO 1: En Ideas al Aire [&hellip;]","og_url":"https:\/\/domenicaz.site\/index.php\/eje-1\/1b\/1bb\/","og_site_name":"Dom\u00e9nica Zambrano","article_modified_time":"2026-01-22T01:15:07+00:00","og_image":[{"width":1132,"height":1165,"url":"https:\/\/domenicaz.site\/wp-content\/uploads\/2026\/01\/WhatsApp-Image-2026-01-16-at-8.34.32-PM.jpeg","type":"image\/jpeg"}],"twitter_card":"summary_large_image","twitter_misc":{"Tiempo de lectura":"1 minuto"},"schema":{"@context":"https:\/\/schema.org","@graph":[{"@type":"WebPage","@id":"https:\/\/domenicaz.site\/index.php\/eje-1\/1b\/1bb\/","url":"https:\/\/domenicaz.site\/index.php\/eje-1\/1b\/1bb\/","name":"Las historias que no siempre vemos - Dom\u00e9nica Zambrano","isPartOf":{"@id":"https:\/\/domenicaz.site\/#website"},"primaryImageOfPage":{"@id":"https:\/\/domenicaz.site\/index.php\/eje-1\/1b\/1bb\/#primaryimage"},"image":{"@id":"https:\/\/domenicaz.site\/index.php\/eje-1\/1b\/1bb\/#primaryimage"},"thumbnailUrl":"https:\/\/domenicaz.site\/wp-content\/uploads\/2026\/01\/WhatsApp-Image-2026-01-16-at-8.34.32-PM-995x1024.jpeg","datePublished":"2026-01-17T01:06:32+00:00","dateModified":"2026-01-22T01:15:07+00:00","breadcrumb":{"@id":"https:\/\/domenicaz.site\/index.php\/eje-1\/1b\/1bb\/#breadcrumb"},"inLanguage":"es","potentialAction":[{"@type":"ReadAction","target":["https:\/\/domenicaz.site\/index.php\/eje-1\/1b\/1bb\/"]}]},{"@type":"ImageObject","inLanguage":"es","@id":"https:\/\/domenicaz.site\/index.php\/eje-1\/1b\/1bb\/#primaryimage","url":"https:\/\/domenicaz.site\/wp-content\/uploads\/2026\/01\/WhatsApp-Image-2026-01-16-at-8.34.32-PM.jpeg","contentUrl":"https:\/\/domenicaz.site\/wp-content\/uploads\/2026\/01\/WhatsApp-Image-2026-01-16-at-8.34.32-PM.jpeg","width":1132,"height":1165},{"@type":"BreadcrumbList","@id":"https:\/\/domenicaz.site\/index.php\/eje-1\/1b\/1bb\/#breadcrumb","itemListElement":[{"@type":"ListItem","position":1,"name":"Portada","item":"https:\/\/domenicaz.site\/"},{"@type":"ListItem","position":2,"name":"\u00bfQU\u00c9 ES LA MODA SOSTENIBLE?","item":"https:\/\/domenicaz.site\/index.php\/eje-1\/"},{"@type":"ListItem","position":3,"name":"DISE\u00d1AR CON INTENCI\u00d3N","item":"https:\/\/domenicaz.site\/index.php\/eje-1\/1b\/"},{"@type":"ListItem","position":4,"name":"Las historias que no siempre vemos"}]},{"@type":"WebSite","@id":"https:\/\/domenicaz.site\/#website","url":"https:\/\/domenicaz.site\/","name":"Dom\u00e9nica Zambrano","description":"","potentialAction":[{"@type":"SearchAction","target":{"@type":"EntryPoint","urlTemplate":"https:\/\/domenicaz.site\/?s={search_term_string}"},"query-input":{"@type":"PropertyValueSpecification","valueRequired":true,"valueName":"search_term_string"}}],"inLanguage":"es"}]}},"_links":{"self":[{"href":"https:\/\/domenicaz.site\/index.php\/wp-json\/wp\/v2\/pages\/388","targetHints":{"allow":["GET"]}}],"collection":[{"href":"https:\/\/domenicaz.site\/index.php\/wp-json\/wp\/v2\/pages"}],"about":[{"href":"https:\/\/domenicaz.site\/index.php\/wp-json\/wp\/v2\/types\/page"}],"author":[{"embeddable":true,"href":"https:\/\/domenicaz.site\/index.php\/wp-json\/wp\/v2\/users\/1"}],"replies":[{"embeddable":true,"href":"https:\/\/domenicaz.site\/index.php\/wp-json\/wp\/v2\/comments?post=388"}],"version-history":[{"count":6,"href":"https:\/\/domenicaz.site\/index.php\/wp-json\/wp\/v2\/pages\/388\/revisions"}],"predecessor-version":[{"id":555,"href":"https:\/\/domenicaz.site\/index.php\/wp-json\/wp\/v2\/pages\/388\/revisions\/555"}],"up":[{"embeddable":true,"href":"https:\/\/domenicaz.site\/index.php\/wp-json\/wp\/v2\/pages\/326"}],"wp:attachment":[{"href":"https:\/\/domenicaz.site\/index.php\/wp-json\/wp\/v2\/media?parent=388"}],"curies":[{"name":"wp","href":"https:\/\/api.w.org\/{rel}","templated":true}]}}